1738 is divided by 37.
12
Calculate the remainder when 2234711 is divided by 1117222.
267
Calculate the remainder when 1453015 is divided by 2488.
23
What is the remainder when 1400258 is divided by 107712?
2
What is the remainder when 3449985 is divided by 564?
561
What is the remainder when 74619 is divided by 3573?
3159
What is the remainder when 1068483 is divided by 3331?
2563
Calculate the remainder when 6087 is divided by 155.
42
What is the remainder when 192385 is divided by 4365?
325
Calculate the remainder when 845485 is divided by 211368.
13
Calculate the remainder when 1219840 is divided by 237.
1
Calculate the remainder when 137146730 is divided by 45715571.
17
What is the remainder when 181663 is divided by 30130?
883
What is the remainder when 30717033 is divided by 1251?
1230
Calculate the remainder when 1030319 is divided by 11199.
11
What is the remainder when 383099 is divided by 6176?
187
Calculate the remainder when 12044 is divided by 11534.
510
Calculate the remainder when 445676 is divided by 727.
25
Calculate the remainder when 1014426 is divided by 1014179.
247
Calculate the remainder when 24234063 is divided by 73.
34
What is the remainder when 6817066 is divided by 6?
4
What is the remainder when 14878053 is divided by 184?
181
Calculate the remainder when 299354 is divided by 299175.
179
Calculate the remainder when 292810 is divided by 661.
648
Calculate the remainder when 95598302 is divided by 47799147.
8
What is the remainder when 656079 is divided by 944?
943
What is the remainder when 343233680 is divided by 42904209?
8
Calculate the remainder when 3967402 is divided by 991789.
246
Calculate the remainder when 449272 is divided by 144.
136
What is the remainder when 2577684 is divided by 15074?
30
What is the remainder when 47072 is divided by 94?
72
Calculate the remainder when 276402 is divided by 92081.
159
Calculate the remainder when 5364673 is divided by 407.
6
Calculate the remainder when 559501 is divided by 185737.
2290
What is the remainder when 69029661 is divided by 131?
128
Calculate the remainder when 190682 is divided by 3090.
2192
What is the remainder when 43018362 is divided by 3963?
3960
What is the remainder when 36311426 is divided by 2863?
2860
Calculate the remainder when 298612 is divided by 13572.
28
Calculate the remainder when 110698 is divided by 8503.
159
Calculate the remainder when 6335223 is divided by 65.
63
What is the remainder when 61906 is divided by 743?
237
What is the remainder when 2381118 is divided by 15874?
18
What is the remainder when 4352863 is divided by 241825?
13
What is the remainder when 576886 is divided by 1125?
886
What is the remainder when 7605394 is divided by 119?
104
What is the remainder when 1380635 is divided by 1094?
7
Calculate the remainder when 35087 is divided by 5844.
23
What is the remainder when 54946 is divided by 9032?
754
What is the remainder when 2518333 is divided by 43?
38
What is the remainder when 1535646 is divided by 2839?
2586
Calculate the remainder when 553339 is divided by 7791.
178
What is the remainder when 5915460 is divided by 7285?
40
What is the remainder when 13790 is divided by 2693?
325
Calculate the remainder when 252362 is divided by 188.
66
What is the remainder when 26313558 is divided by 432?
6
What is the remainder when 46842127 is divided by 3557?
3551
What is the remainder when 906 is divided by 898?
8
What is the remainder when 3037862 is divided by 204?
98
What is the remainder when 27295632 is divided by 31?
8
What is the remainder when 70322 is divided by 1236?
1106
Calculate the remainder when 222312 is divided by 10584.
48
What is the remainder when 7419239 is divided by 2220?
2219
Calculate the remainder when 900086 is divided by 3216.
2822
What is the remainder when 1950669 is divided by 114?
15
What is the remainder when 9531031 is divided by 188?
183
Calculate the remainder when 19935058 is divided by 324.
310
Calculate the remainder when 12799679 is divided by 711093.
5
Calculate the remainder when 749481 is divided by 47.
19
What is the remainder when 48115034 is divided by 9?
8
What is the remainder when 2450528 is divided by 49?
38
What is the remainder when 1414323 is divided by 7555?
1538
What is the remainder when 4266905 is divided by 7931?
27
What is the remainder when 84449265 is divided by 131?
115
What is the remainder when 174699 is divided by 7593?
60
Calculate the remainder when 54581 is divided by 995.
851
Calculate the remainder when 84535925 is divided by 185.
175
What is the remainder when 29039 is divided by 4143?
38
What is the remainder when 1014563 is divided by 2834?
2825
What is the remainder when 22352604 is divided by 6185?
14
Calculate the remainder when 3843 is divided by 1696.
451
What is the remainder when 11667411 is divided by 215?
6
Calculate the remainder when 33033814 is divided by 227819.
59
Calculate the remainder when 1524679 is divided by 225.
79
Calculate the remainder when 46801 is divided by 600.
1
What is the remainder when 70534 is divided by 70501?
33
What is the remainder when 4290666 is divided by 57980?
146
Calculate the remainder when 831766 is divided by 1093.
1086
What is the remainder when 1151576 is divided by 383824?
104
What is the remainder when 163071 is divided by 72?
63
Calculate the remainder when 1986874 is divided by 289.
288
What is the remainder when 130095352 is divided by 34?
30
Calculate the remainder when 513483 is divided by 57.
27
What is the remainder when 184968 is divided by 1511?
626
Calculate the remainder when 866742 is divided by 2497.
283
What is the remainder when 6893668 is divided by 5493?
5446
Calculate the remainder when 1577285 is divided by 806.
749
What is the remainder when 146483 is divided by 5620?
363
Calculate the remainder when 3983903 is divided by 2422.
2135
Calculate the remainder when 6611553 is divided by 6611363.
190
What is the remainder when 340281 is divided by 721?
690
What is the remainder when 18395230 is divided by 27662?
0
What is the remainder when 25159321 is divided by 5031861?
16
Calculate the remainder when 193134 is divided by 27409.
1271
Calculate the remainder when 338726 is divided by 2466.
884
What is the remainder when 17959809 is divided by 35?
14
Calculate the remainder when 290429429 is divided by 471.
467
Calculate the remainder when 5296686 is divided by 662081.
38
Calculate the remainder when 40176513 is divided by 115.
113
What is the remainder when 27940650 is divided by 69?
66
Calculate the remainder when 286971 is divided by 40991.
34
What is the remainder when 377872 is divided by 4344?
4288
Calculate the remainder when 13571722 is divided by 334.
300
What is the remainder when 568214 is divided by 7671?
560
What is the remainder when 849103 is divided by 424288?
527
What is the remainder when 171692 is divided by 950?
692
Calculate the remainder when 225865 is divided by 16125.
115
Calculate the remainder when 261733352 is divided by 199.
194
Calculate the remainder when 64642189 is divided by 81516.
1
What is the remainder when 120145 is divided by 91?
25
Calculate the remainder when 26459788 is divided by 75.
13
Calculate the remainder when 17416992 is divided by 151452.
12
What is the remainder when 8939291 is divided by 101?
84
Calculate the remainder when 451660 is divided by 112575.
1360
What is the remainder when 98667233 is divided by 144?
17
What is the remainder when 117448 is divided by 3478?
2674
What is the remainder when 17994 is divided by 16218?
1776
What is the remainder when 18558499 is divided by 4289?
4285
What is the remainder when 1342921 is divided by 186?
1
What is the remainder when 20639328 is divided by 198455?
8
Calculate the remainder when 19432386 is divided by 322.
8
What is the remainder when 85081 is divided by 7056?
409
What is the remainder when 3969282 is divided by 62020?
2
What is the remainder when 83728052 is divided by 11961150?
2
What is the remainder when 303669349 is divided by 1619?
1614
Calculate the remainder when 58547 is divided by 25.
22
Calculate the remainder when 136452 is divided by 378.
372
Calculate the remainder when 69942172 is divided by 79.
75
Calculate the remainder when 14918859 is divided by 2486475.
9
